 by 19?
6
Calculate the remainder when 135 is divided by 71.
64
Calculate the remainder when 1267 is divided by 289.
111
Calculate the remainder when 447 is divided by 89.
2
What is the remainder when 165 is divided by 45?
30
What is the remainder when 289 is divided by 73?
70
Calculate the remainder when 959 is divided by 116.
31
What is the remainder when 104 is divided by 16?
8
Calculate the remainder when 39 is divided by 5.
4
What is the remainder when 510 is divided by 168?
6
Calculate the remainder when 1077 is divided by 72.
69
Calculate the remainder when 1380 is divided by 53.
2
What is the remainder when 569 is divided by 59?
38
Calculate the remainder when 1239 is divided by 83.
77
Calculate the remainder when 247 is divided by 19.
0
Calculate the remainder when 5329 is divided by 30.
19
What is the remainder when 65 is divided by 34?
31
What is the remainder when 2085 is divided by 19?
14
Calculate the remainder when 761 is divided by 250.
11
What is the remainder when 139 is divided by 27?
4
Calculate the remainder when 492 is divided by 23.
9
What is the remainder when 162 is divided by 22?
8
Calculate the remainder when 6442 is divided by 27.
16
Calculate the remainder when 301 is divided by 22.
15
Calculate the remainder when 900 is divided by 43.
40
Calculate the remainder when 1580 is divided by 44.
40
What is the remainder when 1564 is divided by 778?
8
What is the remainder when 74 is divided by 37?
0
What is the remainder when 119 is divided by 42?
35
Calculate the remainder when 1483 is divided by 99.
97
Calculate the remainder when 4176 is divided by 44.
40
Calculate the remainder when 3816 is divided by 27.
9
Calculate the remainder when 358 is divided by 52.
46
Calculate the remainder when 3531 is divided by 31.
28
Calculate the remainder when 306 is divided by 14.
12
Calculate the remainder when 79 is divided by 42.
37
Calculate the remainder when 710 is divided by 560.
150
What is the remainder when 918 is divided by 46?
44
What is the remainder when 645 is divided by 21?
15
Calculate the remainder when 1840 is divided by 15.
10
Calculate the remainder when 61 is divided by 24.
13
Calculate the remainder when 591 is divided by 6.
3
What is the remainder when 824 is divided by 52?
44
What is the remainder when 160 is divided by 33?
28
What is the remainder when 111 is divided by 38?
35
Calculate the remainder when 873 is divided by 429.
15
Calculate the remainder when 326 is divided by 112.
102
What is the remainder when 519 is divided by 58?
55
What is the remainder when 1543 is divided by 1510?
33
Calculate the remainder when 661 is divided by 14.
3
Calculate the remainder when 896 is divided by 170.
46
Calculate the remainder when 7207 is divided by 27.
25
What is the remainder when 2818 is divided by 44?
2
Calculate the remainder when 127 is divided by 66.
61
Calculate the remainder when 171 is divided by 4.
3
Calculate the remainder when 127 is divided by 2.
1
Calculate the remainder when 8703 is divided by 32.
31
What is the remainder when 318 is divided by 160?
158
What is the remainder when 321 is divided by 82?
75
What is the remainder when 338 is divided by 95?
53
Calculate the remainder when 1471 is divided by 106.
93
What is the remainder when 162 is divided by 149?
13
Calculate the remainder when 120 is divided by 11.
10
What is the remainder when 193 is divided by 11?
6
What is the remainder when 16871 is divided by 27?
23
What is the remainder when 2458 is divided by 15?
13
Calculate the remainder when 3026 is divided by 10.
6
What is the remainder when 236 is divided by 119?
117
Calculate the remainder when 106 is divided by 20.
6
Calculate the remainder when 1382 is divided by 292.
214
Calculate the remainder when 233 is divided by 28.
9
Calculate the remainder when 609 is divided by 189.
42
Calculate the remainder when 3585 is divided by 52.
49
Calculate the remainder when 306 is divided by 164.
142
What is the remainder when 552 is divided by 15?
12
Calculate the remainder when 289 is divided by 94.
7
What is the remainder when 262 is divided by 150?
112
Calculate the remainder when 23 is divided by 11.
1
What is the remainder when 56 is divided by 41?
15
What is the remainder when 27 is divided by 20?
7
What is the remainder when 284 is divided by 9?
5
Calculate the remainder when 784 is divided by 5.
4
Calculate the remainder when 316 is divided by 8.
4
What is the remainder when 1762 is divided by 176?
2
What is the remainder when 233 is divided by 34?
29
What is the remainder when 646 is divided by 38?
0
Calculate the remainder when 158 is divided by 3.
2
What is the remainder when 8237 is divided by 1371?
11
Calculate the remainder when 91 is divided by 37.
17
Calculate the remainder when 2426 is divided by 1212.
2
Calculate the remainder when 183 is divided by 20.
3
Calculate the remainder when 203 is divided by 13.
8
What is the remainder when 672 is divided by 288?
96
Calculate the remainder when 1038 is divided by 10.
8
Calculate the remainder when 75 is divided by 31.
13
Calculate the remainder when 3342 is divided by 419.
409
What is the remainder when 9 is divided by 7?
2
Calculate the remainder when 1843 is divided by 71.
68
Calculate the remainder when 307 is divided by 6.
1
What is the remainder when 1113 is divided by 234?
177
What is the remainder when 1507 is divided by 8?
3
What is the remainder when 166 is divided by 86?
80
Calculate the remainder when 470 is divided by 96.
86
What is the remainder when 4929 is divided by 105?
99
Calculate the remainder when 122 is divided by 16.
10
Calculate the remainder when 377 is divided by 185.
7
What is the remainder when 74 is divided by 20?
14
What is the remainder when 438 is divided by 9?
6
Calculate the remainder when 6573 is divided by 11.
6
What is the remainder when 3830 is divided by 142?
138
Calculate the remainder when 23 is divided by 12.
11
Calculate the remainder when 458 is divided by 403.
55
What is the remainder when 75 is divided by 19?
18
Calculate the remainder when 265 is divided by 19.
18
Calculate the remainder when 270 is divided by 41.
24
What is the remainder when 708 is divided by 51?
45
Calculate the remainder when 5076 is divided by 40.
36
Calculate the remainder when 231 is divided by 22.
11
What is the remainder when 512 is divided by 104?
96
Calculate the remainder when 127 is divided by 95.
32
What is the remainder when 1276 is divided by 32?
28
Calculate the remainder when 63 is divided by 15.
3
What is the remainder when 1915 is divided by 61?
24
What is the remainder when 410 is divided by 32?
26
What is the remainder when 210 is divided by 181?
29
Calculate the remainder when 834 is divided by 38.
36
What is the remainder when 296 is divided by 151?
145
Calculate the remainder when 2047 is divided by 10.
7
Calculate the remainder when 86 is divided by 24.
14
Calculate the remainder when 503 is divided by 74.
59
What is the remainder when 107 is divided by 15?
2
What is the remainder when 275 is divided by 40?
35
What is the remainder when 190 is divided by 177?
13
Calculate the remainder when 446 is divided by 50.
46
Calculate the remainder when 27 is divided by 4.
3
Calculate the remainder when 185 is divided by 163.
22
Calculate the remainder when 981 is divided by 97.
11
What is the remainder when 56 is divided by 30?
26
Calculate the remainder when 65389 is divided by 307.
305
What is the remainder when 23 is divided by 8?
7
Calculate the remainder when 1460 is divided by 44.
8
Calculate the remainder when 401 is divided by 31.
29
What is the remainder when 1259 is divided by 63?
62
Calculate the remainder when 6061 is divided by 16.
13
What is the remainder when 190 is divided by 30?
10
What is the remainder when 364 is divided by 61?
59
Calculate the remainder when 1125 is divided by 1118.
7
Calculate the remainder when 429 is divided by 24.
21
Calculate the remainder when 4258 is divided by 473.
1
Calculate the remainder when 3020 is divided by 24.
20
Calculate the remainder when 329 is divided by 63.
14
What is the remainder when 929 is divided by 36?
29
What is the remainder when 1145 is divided by 569?
7
What is the remainder when 125 is divided by 18?
17
What is the remainder when 4276 